(-9)*1/((6/(-12249))/(-2)) prime?
True
Is (-26270652)/(-108) + 8/36 a composite number?
True
Suppose 0 = -5*v + 8*i - 12*i + 75431, 0 = 5*v - i - 75461. Is v a composite number?
False
Let m(w) be the first derivative of 224*w**3/3 + 27*w**2/2 - 205*w - 135. Is m(8) prime?
True
Suppose -3*g - 63090 + 213646 = 5*y, 6*g = -2*y + 301120. Is g prime?
False
Let q = 829 - 301. Suppose -2*j - 5*s + 374 = 0, -3*j + 329 = -4*s - 278. Let t = q - j. Is t a prime number?
True
Let o = 482029 + 150604. Is o a composite number?
True
Let w = 26600 - 19207. Is w composite?
False
Let y = 28083 + -13743. Suppose -4777 = -g + k + k, 3*k + y = 3*g. Is g a prime number?
True
Let d(u) = 124*u + 3. Let b(k) = 2*k**2 - 23*k - 9. Let j be b(12). Suppose 0 = 3*r + 5*w - 6, -5*r - w + 41 = -j*w. Is d(r) a prime number?
False
Suppose -6*k + 3*u = -11595, -3*k + 1837 = -4*u - 3968. Is k prime?
True
Suppose 162*k - 15024244 = 70*k. Is k a composite number?
False
Is 5759070/(-20)*66/(-99) a prime number?
True
Let t = -133266 + 240026. Suppose 0 = 12*f - 10*f - t. Suppose -11995 = 15*b - f. Is b prime?
False
Let v = 84920 + -13017. Is v a composite number?
True
Let p = -104811 + 329315. Is (p/228)/(((-2)/(-3))/1) a composite number?
True
Suppose 0 = -10*v - 13 + 43. Suppose -2*d + 2*f + 5543 = 905, v*d + 3*f - 6945 = 0. Is d a prime number?
False
Let i(m) = 3*m + 9. Let c be i(-2). Is -1 + c - (-4684 - 25/5) prime?
True
Let d = 53 - 49. Suppose 2*f + 7*g = 5*g + 20848, d*f - g - 41681 = 0. Is f composite?
True
Let q(z) = 2*z**3 + 19*z**2 + 7*z + 21. Let g be q(-9). Suppose 49 = w + 4*k, -g = 2*w - k - 182. Is w a composite number?
True
Let m be 2 - (2 + 0) - 38110. Let x = -23054 - m. Is (x/80)/(2/10) prime?
True
Let n(d) be the third derivative of -d**6/120 + 11*d**5/30 + 11*d**4/12 - 29*d**3/6 - d**2. Suppose 0 = 5*i - 5*x - 110, 5*i - 14 - 82 = -2*x. Is n(i) prime?
False
Let i(t) = t**2 + 14*t + 50. Let f be i(-9). Suppose -2*u = -5*y - 5*u + 81671, -5*y + f*u + 81655 = 0. Is y a prime number?
True
Let g(a) = -265*a - 514. Is g(-68) a prime number?
False
Let p be ((-1029)/2)/(2/4). Let j = 611 - p. Suppose b = -i + 407, -4*b = -0*b - 2*i - j. Is b composite?
False
Let k(a) = -200081*a - 654. Is k(-7) a prime number?
True
Suppose 0 = -39*s - 5*s + 133628. Is s a composite number?
False
Let i = -27208 + 284105. Is i prime?
False
Suppose i = -0*i - 2, -t + i + 75399 = 0. Is t composite?
True
Let p(z) = z**3 - 5*z**2 + 8*z - 16. Let b be p(4). Suppose b = -3*q, -a + 3*q - 2*q + 623 = 0. Is a composite?
True
Let z(v) = 3*v**3 + v - 17. Let n be z(-8). Let t = 1165 - n. Suppose -2*m = -0*a - 5*a + 6803, -t = -2*a - 4*m. Is a composite?
False
Let o(h) = -656*h - 15. Suppose -3 = 7*y - 17. Let l be y - ((-2)/13 + 160/26). Is o(l) prime?
True
Suppose 0 = -29*w + 112 + 236. Is 3388 + -1 + 8*3/w a prime number?
True
Suppose -4*s + 2*h - 90096 = 0, 4*h + 45028 = s - 3*s. Let z = -4173 - s. Is z a composite number?
True
Let q(b) = -126*b + 347. Is q(-22) composite?
False
Suppose 26*v = -27*v + 5300. Is (-54)/(-50) - 1 - (-448092)/v prime?
True
Suppose 0 = 6*a + a + 13538. Let o = a + -77. Let y = 3524 + o. Is y a prime number?
False
Let w be 5/(-3)*(5 - 8) - 7. Is -3 - (94140/(-39) + w/13) prime?
True
Suppose -4*l = -2*o + 338446 - 32848, -l - 152798 = -o. Is o a composite number?
True
Suppose 3*j - 54 + 18 = 0. Is (-17785)/(-2) + j/8 - -5 a prime number?
False
Let u(q) = -6163*q - 1181. Is u(-6) a composite number?
False
Let i = -10 - -31. Let g be ((-14)/i)/((-1)/(9/2)). Suppose 0 = 5*q - f - 3761, -f = -2*q + g*f + 1490. Is q a prime number?
False
Suppose -13*d + 9*d + 8 = 0. Suppose 0 = -d*q + 3 - 5. Is (-2 + 1)/(q/1069) a prime number?
True
Let x(d) = -328*d + 63. Let p(m) = -3*m + 20. Let k be p(10). Is x(k) a prime number?
True
Suppose -5*j + 3*f = -605, 2*j + 5*f + 91 = 333. Suppose 2*u - 5259 + j = 0. Is u a composite number?
True
Suppose p - 20*p = -482944 - 387427. Is p prime?
False
Let b be (-14 + 4)*(-1)/2. Suppose 5*o - 10*o + 4*q = -115815, -b*o - q + 115790 = 0. Is o a composite number?
False
Suppose 0 = -3*r + 52016 + 62899. Suppose -5*x + 3*i = i - r, 4*x = 2*i + 30644. Suppose 0 = -5*l + f + 4*f + 38245, l + 5*f = x. Is l prime?
False
Let f = -46 - -53. Suppose -3*z + 10*z = f. Is z - -1 - -74 - (-8 - -5) prime?
True
Suppose h + 969*v - 145009 = 971*v, 2*v - 4 = 0. Is h a prime number?
False
Suppose 3*o = 11 + 4. Suppose 2*n - 3 = o*n. Is 4 + n*(2 - (-2)/(-2)) composite?
False
Let w be (-10)/3 - (0 - (-12)/18). Let r(n) = 4*n + 14. Let g be r(w). Is ((-337)/g)/(2/(-4))*-1 a composite number?
False
Suppose 2*d - 124138 - 122539 = -5*t, 0 = 5*d - t - 616706. Is d prime?
True
Suppose 17*l - l - 73892 - 334476 = 0. Is l a prime number?
True
Suppose 4*u + 2*p - 134 - 6 = 0, 2*u - 74 = p. Let w(b) = -40*b - 107*b - 5 + u*b. Is w(-2) composite?
True
Let p(i) = -796749*i + 452. Is p(-1) prime?
True
Suppose 11*v - l = 15*v - 285665, 0 = -3*v - 2*l + 214245. Is v a prime number?
False
Let d = 131805 - 65468. Is d composite?
False
Suppose 4*r - 3*q - 356340 = 94333, -2*r + 3*q = -225335. Is r a prime number?
False
Let n = -276 + 291. Is ((-249)/n)/((-26)/390) a composite number?
True
Let d(z) be the third derivative of -z**6/120 + z**5/30 - 5*z**4/6 - 10*z**3 + 7*z**2. Is d(-7) a prime number?
True
Let w(g) be the second derivative of g**4 + 1/6*g**3 + 13/2*g**2 + 0 + 22*g. Is w(4) composite?
True
Let d = -41 + 40. Let v(y) = -4612*y**3 + y. Let u be v(d). Suppose a - u = -3*s, 8*s - 3*a = 3*s + 7685. Is s a prime number?
False
Suppose 116422 = g + g + 19100. Is g a composite number?
False
Suppose -3*m + 2*h + 11 = 0, -5*m + 0*m + 3*h + 18 = 0. Suppose -2*r - t = -17, -t = -m*r - r + 31. Suppose 5*n + 2355 = r*n. Is n composite?
True
Let g be 68/(-6) + 16/(-24) + 0. Is (g/(-8))/(6/15172) a prime number?
True
Let f be ((-6)/5)/(((-32)/(-10))/(-8)). Suppose -f*n = -3*t + 1911, -t + 10 = 4*n - 607. Is t composite?
True
Suppose 0 = -2*t + 4*u + 218534, -42*u + 327807 = 3*t - 45*u. Is t prime?
False
Suppose 7*r - 11*r - 25219 = -5*n, -35297 = -7*n + 4*r. Is n a prime number?
True
Let m = -88460 + 783901. Is m a prime number?
True
Let r = 100 - 411. Let n = -232 - r. Is n composite?
False
Suppose 97*n + 142699 = 101*n - 3*r, 0 = -3*n + r + 107018. Is n prime?
True
Suppose 89900 = -8*z + 971932. Is z a composite number?
True
Let m(k) = 20904*k - 439. Is m(4) a prime number?
True
Suppose b + 160 = -58. Let w be 2172028/5612 + (-2)/61. Let f = w + b. Is f a prime number?
False
Let t(p) = 9*p**2 + 8*p + 3. Let y be (-2*1 + 8)*(-10)/20. Let q be t(y). Suppose a - q = 67. Is a a composite number?
False
Let k(q) = 7*q**2 + 5*q - 65. Is k(22) prime?
True
Let h(l) = 43*l + 1. Let i be h(1). Let t = i - 26. Is 4280/7 - t/42 a prime number?
False
Let b = 28 + -38. Let c(i) = 951*i - 11. Let h(j) = 1902*j - 24. Let q(n) = 11*c(n) - 6*h(n). Is q(b) prime?
True
Let s be 2*1/(-8) - 315/(-140). Suppose s*p - 4202 = u, 5*p - 4*p - u = 2103. Is p a prime number?
True
Let z be (21 - 8)/(((-4)/2)/4). Is -2 + 411/2 + z/52 a prime number?
False
Let z(x) = -504*x - 82. Let q be z(21). Let o = -4761 - q. Is o a prime number?
False
Let a(t) = -74*t**3 - 18*t**2 - 31*t - 19. Is a(-8) a composite number?
True
Let p = -7 - -9. Suppose -5*j - 758 = -v, -p*v + 1548 = j - 3*j. Suppose -w = 5*l - 143, 3*l = -5*w - l + v. Is w a composite number?
True
Let o = -239 + 241. Suppose o*n - 2*k = 3776, 0 = 4*n + 2*k - 7629 + 107. Is n composite?
True
Let c be (5/4)/((-547)/548 + 1). Suppose 2*s = 7*s - c. Is s/2 + (-5)/(-10) composite?
True
Suppose 5 = 2*b - 5, 2*b - 2 = -4*s. Let i be (-5)/((s/(-3))/((-4)/6)). Suppose -1918 = -3*v - 5*t, i*t - 636 = -0*v - v. Is v composite?
False
Suppose 3*p = -2*p + 195. Suppose 0 = -5*i + p - 14. Suppose 7*a + 466 = 2*l + 2*a, 0 = i*l - a - 1119. Is l prime?
True
Let z(n) = n**3 + 16*n**2 - 8*n - 48. Let d be z(-16). Is 32/d + (-93)/(-5) a composite number?
False
Let j = 378 + 2065. Suppose -2756 = -3*s + j. Is s a composite number?
False
Let v = 3301 + -43984. Let r be -1*(-8*(-4)/8 + v). Suppose -r = -6*x - 8381. Is x composite?
True
Let s = 77 + -77. Suppose 3*c + 5*c + 9752 = s. Let w = c - -2868. Is w composite?
True
Suppose 55*i - 198158 = 22*i + 31*i. Is i prime?
True
Supp